t y = u - -50. What is the tens digit of y?
3
Let x = 66609 + -44004. What is the hundreds digit of x?
6
Suppose 5*w - 3355 = -640. Let p(l) = -26*l**2 - 66*l + 1. Let t be p(-5). Let s = w + t. What is the tens digit of s?
2
Suppose 0 = 4*b - 12, p = -b - 1843 + 9736. What is the thousands digit of p?
7
Suppose 4*x + 8 = 4*f, 3*x - 2*f - 14 = -4*f. Suppose -2*w - 4*i + 1596 = 0, 4*w = -x*i + 668 + 2500. What is the units digit of 2 - w/(-1 - 4)?
0
Let k = 43 + -19. Suppose -k*y = -1949 - 403. What is the units digit of y?
8
Suppose 0 = -8*a + 34 + 7013 + 14129. What is the units digit of a?
7
Let t = 1134 - -34. Suppose -2*m + t + 176 = 0. Suppose -4*y + 10*y = m. What is the units digit of y?
2
What is the units digit of (-16 - -12)/(28/(-3423))?
9
Suppose -1006 = -35*g - 201. Suppose -15*s + g*s = 7216. What is the hundreds digit of s?
9
Suppose q = 2*s - 2306 + 27008, 5*q = 2*s + 123486. What is the units digit of q?
6
Let d(j) be the second derivative of 83*j**4/12 - 11*j**3/3 - 41*j**2/2 - 56*j. What is the units digit of d(-2)?
5
Let m = -98 - -84. Let l(j) = -76*j - 201. What is the units digit of l(m)?
3
Suppose 2*q = -5*x + 440, 2*x - 82 = -5*q + 976. Let u = 671 - q. What is the hundreds digit of u?
4
Suppose -17*d + 28*d - 21670 = 0. What is the units digit of d?
0
Suppose 4 = 4*y + 2*z - 8, 0 = 5*y - 5*z. Suppose 76 = y*r + 20. Let l = r + -16. What is the units digit of l?
2
Suppose 0 = -2*m + 2*t + 14, 5*t + 23 = 3. Suppose 9 = -m*d - 111. What is the hundreds digit of ((-116)/10)/(2/d)?
2
Let d(z) = -349*z - 3390. What is the tens digit of d(-29)?
3
Let m(x) = x**3 + 5*x**2 - 11*x + 8. Let i be m(-7). What is the units digit of 2 + (-13)/(i/242)?
4
Let n be 0*(-4)/4*(-1 + 2). Suppose s + 4*s + 3*w = 2372, -s + 3*w + 460 = n. What is the hundreds digit of s?
4
Let v = -15114 - -26247. What is the ten thousands digit of v?
1
Let i(t) = 93*t + 5. Let a = 150 + -147. What is the hundreds digit of i(a)?
2
Suppose 69*l + 140*l = 243069 + 2256780. What is the ten thousands digit of l?
1
Let h(j) = -j**2 - 14*j + 17. Let d be h(-15). Let u(p) = 8*p**3 + 24*p**d - 19*p**2 - 2*p - 3*p**3 - 7*p**3 - 6. What is the tens digit of u(-3)?
9
Suppose 5*k + 24 = y, -5*y + 10*y - 4 = -4*k. What is the tens digit of (35*y)/((-12)/(-66))?
7
Suppose 139*i - 92*i = 68*i - 242088. What is the ten thousands digit of i?
1
Suppose 4*g + 5*t = -45, 2*g - g + 3*t + 13 = 0. Let p = g + 13. Suppose -135 - 240 = -p*v. What is the units digit of v?
5
Let t be (2 - -23)/(-5)*-1. Suppose t*i + 2415 = 5*k, 3*i - 5*i - 967 = -3*k. Let l = i + 778. What is the tens digit of l?
9
Suppose 2*n = 3*h + 224, 0 = -4*h - n + 3*n - 296. Let v be ((-2)/(-3))/(6/h). What is the units digit of v/36 + 2035/45?
5
Let h(w) = -w**3 - 4*w**2 + 12*w + 10. Let b be h(-10). Let o = b - 208. What is the hundreds digit of o?
2
Suppose -y = q + y - 3951, q - 3909 = 5*y. What is the thousands digit of q?
3
Let o(b) = 9*b + 9. Let r(f) = -2*f**2 - 4*f + 5. Let n be r(-3). Let d be o(n). Suppose 2*t + 16 - 58 = d. What is the tens digit of t?
2
Suppose 15*p - 18 = 13*p. Suppose 22 = p*q - 14. Suppose -w - 258 = -q*w. What is the tens digit of w?
8
Let q be 65/9 + 2/(-9). Suppose 0 = 8*z - 1851 + 1515. Suppose -q*n + z = -n. What is the units digit of n?
7
Suppose -152*y + 350*y = 145*y + 1618885. What is the units digit of y?
5
Let f be 4 + 250/(-65) - 252/(-52). Suppose 0 = 5*m + 4*y - 1526 - 1442, -2954 = -f*m + 3*y. What is the units digit of m?
2
Suppose -h - 4 = -4. Suppose h = -72*u + 68*u + 136. What is the units digit of u?
4
Suppose 87*q + 9*q + 36*q - 11392524 = 0. What is the ten thousands digit of q?
8
Let n be 282 + 3/1 + -1. Let o be (-1)/(-6)*4 - n/(-6). Let y = o - -90. What is the tens digit of y?
3
Let k = -126 - -22. Let a = k - -429. What is the hundreds digit of a?
3
Suppose p - 303*s - 46946 = -307*s, 2*s + 187730 = 4*p. What is the thousands digit of p?
6
Let p = 4321 - -407. What is the units digit of p?
8
Suppose 66*p - 120060 = 51*p. What is the tens digit of p?
0
Suppose 0 = 13*z - 8*z - 2475. Suppose z = i - 75. What is the hundreds digit of i?
5
Let u = -91 + 91. Let q(y) = -y**2 - y + 1251. What is the tens digit of q(u)?
5
Suppose 71*m + 110*m - 55*m = 2570022. What is the thousands digit of m?
0
Let s be -4367 - -2*(3/(-6) - 0). What is the hundreds digit of s/(-27) + 3 + (-12)/(-54)?
1
Suppose -10738 = -5*n + 8*h, 2*n - 7*h - 4328 = -12*h. What is the tens digit of n?
5
Let k(g) = 844*g - 961. What is the thousands digit of k(13)?
0
Let a = -111 + 114. Suppose 73 = 2*j - 3*n - 275, 3*j - 537 = -a*n. What is the units digit of j?
7
Let u = -6179 - -12859. What is the units digit of u?
0
Suppose -21*v - 2308 = -17*v. Let d = v - -1740. What is the tens digit of d?
6
Suppose -q = 4*q + 10. Let i be (q - -1)*(-9 + 4). Suppose -i*s = 5*u - 230, -2*s = u - 3*u - 100. What is the units digit of s?
8
Suppose -b + 3582 = 3*p - 4*b, -5*p + 3*b + 5964 = 0. Suppose -15*h = -14619 - p. What is the thousands digit of h?
1
Let s = 54 - 49. Suppose a + 18 = 3*q, 0*q - s*a + 5 = 4*q. Suppose q*o + 71 = 401. What is the units digit of o?
6
Let f(a) = 81*a**2 - 13*a - 44. What is the hundreds digit of f(7)?
8
Let o = -11104 + 21065. What is the thousands digit of o?
9
Let m(b) = b**2 - 31*b - 392. What is the thousands digit of m(-34)?
1
Let s(b) = b**2 - 30*b + 203. Let f be s(10). Suppose 0 = -5*i + 3*x + 3698 + 6204, -3*x + f = 0. What is the hundreds digit of i?
9
Let k be ((-2)/3)/(2/(-9)). Suppose 4*w - 4*v + 36 = 0, -5*w + k*v + 13 = 54. Let l(s) = 2*s**2 - 9*s - 15. What is the tens digit of l(w)?
4
Suppose -s + 0*b + 2*b = -107, 0 = -4*b + 20. Let o = 39 + s. What is the units digit of o?
6
Suppose -a - 9 = -h + 9, 0 = 4*h + 4*a - 112. Suppose h*y - 777 = 1040. What is the tens digit of y?
7
Let m = 281 + -751. Let j be m/47 - (-4 - 0)/2. What is the units digit of 6/(-8) + (-406)/j - 3?
7
Let t(k) = -48*k**3 - k**2 + 3*k - 7. Let b be t(-5). Suppose 0 = -17*m + b - 207. What is the units digit of m?
8
Suppose 64 = -4*v + 44. Let q be 4/3 + v/((-30)/28). Suppose 4*s - q*s + 490 = 5*o, 2*s + 3*o - 482 = 0. What is the tens digit of s?
3
Let m(v) = 2*v**2 - 25*v - 31. Suppose -4*h - 19*h + 460 = 0. What is the hundreds digit of m(h)?
2
What is the thousands digit of (1 - 5)*2299334/(-488)?
8
Let r(t) = 85*t**2 + 3*t + 1. Let d be r(-1). Let s = 201 - d. What is the units digit of s?
8
Let i(v) = -5*v**3 + 20*v**2 + 12*v + 17. Let h(r) = 11*r**3 - 41*r**2 - 25*r - 35. Let b(p) = 6*h(p) + 13*i(p). What is the units digit of b(-13)?
2
What is the tens digit of 665/(-84)*-3*(61 + (15 - 8))?
1
Let b = -66 - -69. Suppose 0 = -b*v + 5*v - 8. Suppose -l - 461 = -2*d - 2*d, -4*d = v*l - 456. What is the tens digit of d?
1
What is the hundreds digit of 354104*(-19)/(-28 - 48)?
5
Let o be (42/(-35))/((-3)/10). Let x be -4 - 5 - -2 - -216. Suppose o*b - 422 = 2*j, -5*b - 2*j = -x - 341. What is the tens digit of b?
0
Let m be 1*(2/6 + (-18)/54). Suppose 20*o - 17*o - 303 = m. What is the units digit of o?
1
Suppose 0 = -4*r, -4*u + r + r + 12 = 0. Suppose -15 = -6*s + 3*s, -s = u*m + 286. Let y = m + 154. What is the tens digit of y?
5
Suppose 0 = -7*v - 2*v + 1521. Let r = 334 - v. What is the hundreds digit of (0 - 10)/(r/85 - 2)?
1
Let f = -183 + 188. Suppose -4*c = -5*p + 199, -p + f*c = 4*p - 195. What is the units digit of p?
3
Let c = 46576 + -18619. What is the ten thousands digit of c?
2
Suppose -2*m - 5872 = 5*h - 19984, -2*m + 14112 = 4*h. Suppose 19*c - m - 7042 = 0. What is the units digit of c?
2
Suppose 160*w - 12 = 156*w. Suppose w*t - 863 = 490. What is the hundreds digit of t?
4
Let m(c) = -6*c + 17. Suppose 10 = 2*f, 5*z + 46 = 5*f + 1. Let x be m(z). Let d = 53 + x. What is the tens digit of d?
9
Let v(u) = 8*u - 44. Let q be v(-10). Let f = q - -171. What is the tens digit of f?
4
Let g(o) = 3*o**3 - 13*o**2 - 2*o + 16. Let d(j) = -4*j**3 + 14*j**2 + 3*j - 16. Let q(h) = -4*d(h) - 5*g(h). What is the hundreds digit of q(-6)?
1
What is the hundreds digit of (8 + -90)/(1053/(-210) - -5)?
7
Suppose -2*b - 3*i = -1636, -7*i + 1640 = 2*b - 2*i. Let d = b + -427. What is the tens digit of (2/(-4))/(1/d*-2)?
9
Suppose 49*l = 38*l + 56925. Suppose -7*d + 2763 = -